st common divisor of 6512 and 125763.
407
What is the greatest common divisor of 34220 and 4?
4
Calculate the highest common divisor of 1476128 and 566.
566
Calculate the highest common factor of 1969 and 97913.
179
What is the greatest common divisor of 558 and 518382?
558
What is the greatest common divisor of 783 and 216?
27
What is the highest common factor of 452297 and 1?
1
Calculate the highest common factor of 1000877 and 29.
29
What is the greatest common factor of 124523 and 7?
7
Calculate the greatest common factor of 1819 and 8980403.
1819
Calculate the highest common divisor of 2344 and 64167.
293
Calculate the greatest common factor of 395847 and 181.
181
What is the highest common divisor of 2547 and 2170327?
283
What is the highest common factor of 801 and 1341?
9
What is the greatest common divisor of 3 and 638163?
3
Calculate the greatest common factor of 138 and 171948.
138
Calculate the highest common factor of 504 and 30344.
8
Calculate the greatest common factor of 30 and 58335.
15
What is the greatest common divisor of 1009217 and 46?
23
What is the greatest common divisor of 34692 and 3969?
147
Calculate the greatest common divisor of 9 and 493704.
9
Calculate the greatest common factor of 2775 and 150.
75
Calculate the greatest common factor of 4070 and 20054.
74
What is the greatest common factor of 17220 and 56070?
210
Calculate the highest common divisor of 30 and 196120.
10
Calculate the greatest common divisor of 225834 and 18354.
798
What is the greatest common divisor of 4544 and 139160?
568
Calculate the highest common factor of 7887 and 6501.
33
Calculate the greatest common factor of 6 and 161614.
2
What is the greatest common factor of 77962 and 680?
34
What is the greatest common factor of 182 and 39598?
26
Calculate the highest common divisor of 33582 and 1500.
6
Calculate the highest common factor of 193990 and 20.
10
What is the highest common factor of 41 and 52357?
41
What is the highest common factor of 246750 and 846?
282
What is the highest common divisor of 12910 and 10?
10
What is the greatest common divisor of 1421 and 68257?
49
Calculate the highest common divisor of 3494596 and 274.
274
Calculate the greatest common factor of 1472 and 54.
2
Calculate the highest common factor of 150 and 6.
6
What is the greatest common divisor of 376 and 27213?
47
Calculate the greatest common factor of 1038 and 264.
6
Calculate the greatest common divisor of 74414 and 145.
29
What is the highest common factor of 268571 and 207?
23
Calculate the highest common factor of 628 and 858162.
314
Calculate the greatest common divisor of 329200 and 100.
100
What is the highest common factor of 15424 and 144?
16
Calculate the highest common divisor of 160 and 543240.
40
What is the highest common divisor of 736 and 4064?
32
Calculate the highest common factor of 429550 and 990.
110
Calculate the greatest common factor of 28360 and 16.
8
What is the greatest common divisor of 16121280 and 112?
112
What is the highest common divisor of 73520 and 6433?
919
What is the highest common factor of 120 and 51864?
24
Calculate the highest common factor of 1510 and 6.
2
Calculate the highest common factor of 5729350 and 110.
110
Calculate the greatest common factor of 136 and 62152.
136
Calculate the highest common factor of 68 and 7706780.
68
Calculate the highest common factor of 8328 and 1968.
24
Calculate the greatest common factor of 99488 and 32.
32
Calculate the highest common divisor of 595 and 5678.
17
Calculate the greatest common divisor of 7198 and 7552.
118
What is the greatest common divisor of 23543 and 1261?
13
Calculate the greatest common factor of 426647 and 12987.
481
Calculate the greatest common factor of 30393 and 1287.
99
What is the highest common divisor of 1030 and 140?
10
What is the highest common divisor of 22 and 6508634?
22
Calculate the greatest common factor of 520 and 1056432.
104
Calculate the highest common divisor of 119 and 2720.
17
Calculate the greatest common factor of 819 and 2120157.
117
Calculate the greatest common divisor of 18 and 2422674.
18
What is the greatest common divisor of 562328 and 8?
8
What is the highest common divisor of 1534 and 1180?
118
Calculate the greatest common divisor of 180271 and 1274.
637
What is the highest common factor of 64 and 2088?
8
What is the highest common factor of 55 and 361295?
55
What is the greatest common factor of 376 and 13207?
47
What is the greatest common factor of 403496 and 1922?
62
Calculate the highest common divisor of 5268 and 255059.
439
Calculate the greatest common factor of 3269 and 6377.
7
What is the greatest common factor of 318822 and 42?
42
What is the greatest common factor of 74 and 323861?
37
What is the greatest common factor of 148122 and 624?
78
What is the highest common factor of 111 and 81289?
37
What is the greatest common factor of 4336 and 583734?
542
What is the greatest common factor of 68805 and 110?
55
Calculate the highest common divisor of 157885 and 105.
35
Calculate the highest common divisor of 2044230 and 60.
30
What is the greatest common factor of 1200 and 101900?
100
Calculate the highest common factor of 3428676 and 212.
212
Calculate the highest common divisor of 468 and 2761980.
156
What is the greatest common divisor of 397079 and 31?
31
What is the greatest common factor of 52552 and 16?
8
What is the greatest common divisor of 240 and 564240?
240
What is the highest common divisor of 8 and 6056?
8
Calculate the greatest common divisor of 9016 and 232.
8
Calculate the greatest common divisor of 5287 and 3961.
17
What is the highest common factor of 49219 and 20667?
83
What is the highest common factor of 166585 and 5?
5
Calculate the highest common divisor of 795627 and 3285.
657
What is the greatest common factor of 779 and 4427?
19
What is the highest common factor of 8249 and 2373?
113
Calculate the highest common divisor of 7 and 596729.
7
Calculate the greatest common divisor of 193804 and 4420.
52
Calculate the greatest common factor of 29412 and 270.
18
What is the greatest common divisor of 925616 and 15088?
656
What is the greatest common factor of 30782 and 37?
1
What is the greatest common factor of 48 and 69114?
6
Calculate the greatest common factor of 270 and 295.
5
What is the highest common factor of 24 and 1175124?
12
Calculate the greatest common factor of 51 and 1325541.
51
What is the highest common factor of 100605 and 57?
57
Calculate the greatest common factor of 109300 and 100.
100
What is the greatest common divisor of 50825 and 321?
107
What is the highest common factor of 3093536 and 64?
32
Calculate the highest common factor of 173 and 10101989.
173
What is the greatest common divisor of 26175 and 225?
75
What is the highest common factor of 1177 and 24299?
11
Calculate the highest common divisor of 231 and 114555.
21
What is the greatest common divisor of 5959 and 101?
101
Calculate the highest common factor of 161 and 43638.
7
What is the highest common factor of 63206 and 782?
34
Calculate the highest common divisor of 82716 and 183.
183
What is the highest common divisor of 72 and 9684?
36
Calculate the greatest common factor of 39 and 105807.
39
What is the greatest common divisor of 552226 and 4?
2
Calculate the highest common divisor of 25814 and 1.
1
Calculate the greatest common factor of 162 and 478746.
18
What is the highest common divisor of 29257 and 51?
17
Calculate the greatest common factor of 3395 and 196.
7
What is the greatest common divisor of 1498 and 3150?
14
What is the highest common factor of 40 and 7740?
20
What is the highest common divisor of 118 and 21181?
59
Calculate the greatest common factor of 557 and 1227071.
557
Calculate the greatest common divisor of 108464 and 656.
16
Calculate the greatest common factor of 572359 and 178.
89
Calculate the highest common factor of 33573 and 651.
93
What is the highest common factor of 75 and 69000?
75
Calculate the greatest common divisor of 5388081 and 789.
789
Calculate the greatest common divisor of 294 and 206178.
42
Calculate the highest common factor of 34030 and 9020.
410
Calculate the greatest common factor of 213756 and 376.
188
What is the greatest common factor of 1116 and 37176?